{"id":100,"date":"2025-11-04T13:04:04","date_gmt":"2025-11-04T12:04:04","guid":{"rendered":"https:\/\/summum-consultinggroup.com\/?page_id=100"},"modified":"2025-11-05T16:35:27","modified_gmt":"2025-11-05T15:35:27","slug":"internet-des-objets","status":"publish","type":"page","link":"https:\/\/summum-consultinggroup.com\/?page_id=100","title":{"rendered":"Internet des objets"},"content":{"rendered":"<p><img loading=\"lazy\" decoding=\"async\" class=\"wp-image-327 size-full aligncenter\" src=\"https:\/\/summum-consultinggroup.com\/wp-content\/uploads\/2025\/11\/obj.png\" alt=\"\" width=\"900\" height=\"593\" srcset=\"https:\/\/summum-consultinggroup.com\/wp-content\/uploads\/2025\/11\/obj.png 900w, https:\/\/summum-consultinggroup.com\/wp-content\/uploads\/2025\/11\/obj-300x198.png 300w, https:\/\/summum-consultinggroup.com\/wp-content\/uploads\/2025\/11\/obj-768x506.png 768w\" sizes=\"auto, (max-width: 900px) 100vw, 900px\" \/><\/p>\n<p><!--StartFragment --><\/p>\n<p>L\u2019<strong>Internet des objets<\/strong> est un r\u00e9seau d\u2019objets physiques \u2014 capteurs, appareils, v\u00e9hicules, \u00e9quipements \u2014 qui sont connect\u00e9s \u00e0 Internet et capables de <strong>communiquer entre eux<\/strong> ou avec des syst\u00e8mes informatiques. Ces objets peuvent <strong>collecter des donn\u00e9es<\/strong>, les <strong>transmettre<\/strong>, et parfois <strong>agir automatiquement<\/strong> selon des instructions ou des algorithmes.<\/p>\n<p><!--EndFragment --><\/p>\n","protected":false},"excerpt":{"rendered":"<p>L\u2019Internet des objets est un r\u00e9seau d\u2019objets physiques \u2014 capteurs, appareils, v\u00e9hicules, \u00e9quipements \u2014 qui sont connect\u00e9s \u00e0 Internet et capables de communiquer entre eux ou avec des syst\u00e8mes informatiques. Ces objets peuvent collecter des donn\u00e9es, les transmettre, et parfois agir automatiquement selon des instructions ou des algorithmes.<\/p>\n","protected":false},"author":1,"featured_media":0,"parent":0,"menu_order":0,"comment_status":"closed","ping_status":"closed","template":"","meta":{"footnotes":""},"class_list":["post-100","page","type-page","status-publish","hentry"],"_links":{"self":[{"href":"https:\/\/summum-consultinggroup.com\/index.php?rest_route=\/wp\/v2\/pages\/100","targetHints":{"allow":["GET"]}}],"collection":[{"href":"https:\/\/summum-consultinggroup.com\/index.php?rest_route=\/wp\/v2\/pages"}],"about":[{"href":"https:\/\/summum-consultinggroup.com\/index.php?rest_route=\/wp\/v2\/types\/page"}],"author":[{"embeddable":true,"href":"https:\/\/summum-consultinggroup.com\/index.php?rest_route=\/wp\/v2\/users\/1"}],"replies":[{"embeddable":true,"href":"https:\/\/summum-consultinggroup.com\/index.php?rest_route=%2Fwp%2Fv2%2Fcomments&post=100"}],"version-history":[{"count":4,"href":"https:\/\/summum-consultinggroup.com\/index.php?rest_route=\/wp\/v2\/pages\/100\/revisions"}],"predecessor-version":[{"id":330,"href":"https:\/\/summum-consultinggroup.com\/index.php?rest_route=\/wp\/v2\/pages\/100\/revisions\/330"}],"wp:attachment":[{"href":"https:\/\/summum-consultinggroup.com\/index.php?rest_route=%2Fwp%2Fv2%2Fmedia&parent=100"}],"curies":[{"name":"wp","href":"https:\/\/api.w.org\/{rel}","templated":true}]}}