{"id":259,"date":"2025-11-05T13:42:04","date_gmt":"2025-11-05T12:42:04","guid":{"rendered":"https:\/\/summum-consultinggroup.com\/?page_id=259"},"modified":"2025-11-05T16:07:49","modified_gmt":"2025-11-05T15:07:49","slug":"business-accelerator-2","status":"publish","type":"page","link":"https:\/\/summum-consultinggroup.com\/?page_id=259","title":{"rendered":"Business Accelerator"},"content":{"rendered":"<p><strong><img loading=\"lazy\" decoding=\"async\" class=\"aligncenter wp-image-314 size-full\" src=\"https:\/\/summum-consultinggroup.com\/wp-content\/uploads\/2025\/11\/accel.png\" alt=\"\" width=\"662\" height=\"443\" srcset=\"https:\/\/summum-consultinggroup.com\/wp-content\/uploads\/2025\/11\/accel.png 662w, https:\/\/summum-consultinggroup.com\/wp-content\/uploads\/2025\/11\/accel-300x201.png 300w\" sizes=\"auto, (max-width: 662px) 100vw, 662px\" \/><\/strong><\/p>\n<ul>\n<li><strong>Acc\u00e9l\u00e9ration des entreprises<\/strong> pour accroitre leurs performance<\/li>\n<li><strong>Education financi\u00e8re<\/strong> pour les entreprises et les m\u00e9nages<\/li>\n<li><strong>Entreprenariat<\/strong> des s\u00e9niors<\/li>\n<li><strong>Entreprenariat<\/strong> des enfants<\/li>\n<\/ul>\n<p>&nbsp;<\/p>\n","protected":false},"excerpt":{"rendered":"<p>Acc\u00e9l\u00e9ration des entreprises pour accroitre leurs performance Education financi\u00e8re pour les entreprises et les m\u00e9nages Entreprenariat des s\u00e9niors Entreprenariat des enfants &nbsp;<\/p>\n","protected":false},"author":1,"featured_media":0,"parent":0,"menu_order":0,"comment_status":"closed","ping_status":"closed","template":"","meta":{"footnotes":""},"class_list":["post-259","page","type-page","status-publish","hentry"],"_links":{"self":[{"href":"https:\/\/summum-consultinggroup.com\/index.php?rest_route=\/wp\/v2\/pages\/259","targetHints":{"allow":["GET"]}}],"collection":[{"href":"https:\/\/summum-consultinggroup.com\/index.php?rest_route=\/wp\/v2\/pages"}],"about":[{"href":"https:\/\/summum-consultinggroup.com\/index.php?rest_route=\/wp\/v2\/types\/page"}],"author":[{"embeddable":true,"href":"https:\/\/summum-consultinggroup.com\/index.php?rest_route=\/wp\/v2\/users\/1"}],"replies":[{"embeddable":true,"href":"https:\/\/summum-consultinggroup.com\/index.php?rest_route=%2Fwp%2Fv2%2Fcomments&post=259"}],"version-history":[{"count":3,"href":"https:\/\/summum-consultinggroup.com\/index.php?rest_route=\/wp\/v2\/pages\/259\/revisions"}],"predecessor-version":[{"id":316,"href":"https:\/\/summum-consultinggroup.com\/index.php?rest_route=\/wp\/v2\/pages\/259\/revisions\/316"}],"wp:attachment":[{"href":"https:\/\/summum-consultinggroup.com\/index.php?rest_route=%2Fwp%2Fv2%2Fmedia&parent=259"}],"curies":[{"name":"wp","href":"https:\/\/api.w.org\/{rel}","templated":true}]}}