{"id":52,"date":"2025-11-04T12:18:20","date_gmt":"2025-11-04T11:18:20","guid":{"rendered":"https:\/\/summum-consultinggroup.com\/?page_id=52"},"modified":"2025-11-05T15:15:55","modified_gmt":"2025-11-05T14:15:55","slug":"nos-services-et-competences","status":"publish","type":"page","link":"https:\/\/summum-consultinggroup.com\/?page_id=52","title":{"rendered":"Nos services et comp\u00e9tences"},"content":{"rendered":"<p style=\"text-align: justify;\"><img loading=\"lazy\" decoding=\"async\" class=\"wp-image-287 size-full aligncenter\" src=\"https:\/\/summum-consultinggroup.com\/wp-content\/uploads\/2025\/11\/marketing.png\" alt=\"\" width=\"547\" height=\"370\" srcset=\"https:\/\/summum-consultinggroup.com\/wp-content\/uploads\/2025\/11\/marketing.png 547w, https:\/\/summum-consultinggroup.com\/wp-content\/uploads\/2025\/11\/marketing-300x203.png 300w\" sizes=\"auto, (max-width: 547px) 100vw, 547px\" \/>SUMMUM CONSULTING GROUP est un bureau d\u2019\u00e9tudes et de conseil africain \u00e0 vocation internationale avec son si\u00e8ge au Burkina Faso. SUMMUM CONSULTING GROUP se sp\u00e9cialise en mati\u00e8re de management et strat\u00e9gies d\u2019entreprise, de d\u00e9veloppement organisationnel et des affaires, d\u2019\u00e9valuation et d\u2019\u00e9tudes de projets et programmes de d\u00e9veloppement, d\u2019\u00e9tudes strat\u00e9giques et sectorielles de l\u2019administration publique, d\u2019accompagnement de l\u2019entrepreneuriat et d\u2019\u00e9tudes d\u2019investissement, de mobilisation des ressources, d\u2019\u00e9tudes marketing, de formation et de coaching d\u2019affaires.<\/p>\n","protected":false},"excerpt":{"rendered":"<p>SUMMUM CONSULTING GROUP est un bureau d\u2019\u00e9tudes et de conseil africain \u00e0 vocation internationale avec son si\u00e8ge au Burkina Faso. SUMMUM CONSULTING GROUP se sp\u00e9cialise en mati\u00e8re de management et strat\u00e9gies d\u2019entreprise, de d\u00e9veloppement organisationnel et des affaires, d\u2019\u00e9valuation et d\u2019\u00e9tudes de projets et programmes de d\u00e9veloppement, d\u2019\u00e9tudes strat\u00e9giques et sectorielles de l\u2019administration publique, d\u2019accompagnement [&hellip;]<\/p>\n","protected":false},"author":1,"featured_media":0,"parent":0,"menu_order":0,"comment_status":"closed","ping_status":"closed","template":"","meta":{"footnotes":""},"class_list":["post-52","page","type-page","status-publish","hentry"],"_links":{"self":[{"href":"https:\/\/summum-consultinggroup.com\/index.php?rest_route=\/wp\/v2\/pages\/52","targetHints":{"allow":["GET"]}}],"collection":[{"href":"https:\/\/summum-consultinggroup.com\/index.php?rest_route=\/wp\/v2\/pages"}],"about":[{"href":"https:\/\/summum-consultinggroup.com\/index.php?rest_route=\/wp\/v2\/types\/page"}],"author":[{"embeddable":true,"href":"https:\/\/summum-consultinggroup.com\/index.php?rest_route=\/wp\/v2\/users\/1"}],"replies":[{"embeddable":true,"href":"https:\/\/summum-consultinggroup.com\/index.php?rest_route=%2Fwp%2Fv2%2Fcomments&post=52"}],"version-history":[{"count":3,"href":"https:\/\/summum-consultinggroup.com\/index.php?rest_route=\/wp\/v2\/pages\/52\/revisions"}],"predecessor-version":[{"id":288,"href":"https:\/\/summum-consultinggroup.com\/index.php?rest_route=\/wp\/v2\/pages\/52\/revisions\/288"}],"wp:attachment":[{"href":"https:\/\/summum-consultinggroup.com\/index.php?rest_route=%2Fwp%2Fv2%2Fmedia&parent=52"}],"curies":[{"name":"wp","href":"https:\/\/api.w.org\/{rel}","templated":true}]}}