{"id":69,"date":"2025-11-04T12:37:21","date_gmt":"2025-11-04T11:37:21","guid":{"rendered":"https:\/\/summum-consultinggroup.com\/?page_id=69"},"modified":"2025-11-05T15:19:21","modified_gmt":"2025-11-05T14:19:21","slug":"management-et-strategies-dentreprise","status":"publish","type":"page","link":"https:\/\/summum-consultinggroup.com\/?page_id=69","title":{"rendered":"Management et strat\u00e9gies d\u2019entreprise"},"content":{"rendered":"<p style=\"text-align: justify;\"><img loading=\"lazy\" decoding=\"async\" class=\"wp-image-289  alignright\" src=\"https:\/\/summum-consultinggroup.com\/wp-content\/uploads\/2025\/11\/managmnt.png\" alt=\"\" width=\"480\" height=\"461\" srcset=\"https:\/\/summum-consultinggroup.com\/wp-content\/uploads\/2025\/11\/managmnt.png 742w, https:\/\/summum-consultinggroup.com\/wp-content\/uploads\/2025\/11\/managmnt-300x288.png 300w\" sizes=\"auto, (max-width: 480px) 100vw, 480px\" \/>Observer, analyser et questionner votre style de gestion avec vous et vos \u00e9quipes, d\u00e9gager vos forces et points d\u2019am\u00e9lioration, identifier les opportunit\u00e9s et dessiner avec vous votre trajectoire strat\u00e9gique de succ\u00e8s. Partant de la mise \u00e0 disposition de profils hautement qualifi\u00e9s, de la d\u00e9finition d\u2019une offre de services et produits, du d\u00e9ploiement de processus et strat\u00e9gies robustes \u00e0 la r\u00e9solution de probl\u00e8mes strat\u00e9giques cruciaux d\u00e8s qu\u2019ils surviennent pour vous permettre d\u2019avoir un avantage comp\u00e9titif solide.<\/p>\n<p style=\"text-align: justify;\"><strong>PLANNIFIER. ORGANISER. DIRIGER. CONTROLER.<\/strong><\/p>\n<p style=\"text-align: justify;\">En effet, en tant qu\u2019un ensemble de moyens techniques et humains mobilis\u00e9s dans l\u2019atteinte d\u2019objectifs communs, l\u2019entreprise se doit d\u2019\u00eatre g\u00e9r\u00e9e de fa\u00e7on rigoureuse au profit de ses promoteurs, des travailleurs et de l\u2019\u00e9conomie dans son ensemble. Ainsi, SUMMUM CONSULTING GROUP propose aux organisations un ensemble de solutions dont le d\u00e9nominateur commun est l\u2019<strong>optimisation du fonctionnement de l\u2019organisation\u00a0<\/strong>:<\/p>\n<ul>\n<li>Conduite d\u2019actions de restructuration<\/li>\n<li>Audit organisationnel et institutionnel<\/li>\n<li>\u00c9laboration de plan de d\u00e9veloppement strat\u00e9gique<\/li>\n<li>Management de la qualit\u00e9<\/li>\n<li>Elaboration et mise en route de proc\u00e9dures de gestion<\/li>\n<\/ul>\n","protected":false},"excerpt":{"rendered":"<p>Observer, analyser et questionner votre style de gestion avec vous et vos \u00e9quipes, d\u00e9gager vos forces et points d\u2019am\u00e9lioration, identifier les opportunit\u00e9s et dessiner avec vous votre trajectoire strat\u00e9gique de succ\u00e8s. Partant de la mise \u00e0 disposition de profils hautement qualifi\u00e9s, de la d\u00e9finition d\u2019une offre de services et produits, du d\u00e9ploiement de processus et [&hellip;]<\/p>\n","protected":false},"author":1,"featured_media":0,"parent":0,"menu_order":0,"comment_status":"closed","ping_status":"closed","template":"","meta":{"footnotes":""},"class_list":["post-69","page","type-page","status-publish","hentry"],"_links":{"self":[{"href":"https:\/\/summum-consultinggroup.com\/index.php?rest_route=\/wp\/v2\/pages\/69","targetHints":{"allow":["GET"]}}],"collection":[{"href":"https:\/\/summum-consultinggroup.com\/index.php?rest_route=\/wp\/v2\/pages"}],"about":[{"href":"https:\/\/summum-consultinggroup.com\/index.php?rest_route=\/wp\/v2\/types\/page"}],"author":[{"embeddable":true,"href":"https:\/\/summum-consultinggroup.com\/index.php?rest_route=\/wp\/v2\/users\/1"}],"replies":[{"embeddable":true,"href":"https:\/\/summum-consultinggroup.com\/index.php?rest_route=%2Fwp%2Fv2%2Fcomments&post=69"}],"version-history":[{"count":3,"href":"https:\/\/summum-consultinggroup.com\/index.php?rest_route=\/wp\/v2\/pages\/69\/revisions"}],"predecessor-version":[{"id":291,"href":"https:\/\/summum-consultinggroup.com\/index.php?rest_route=\/wp\/v2\/pages\/69\/revisions\/291"}],"wp:attachment":[{"href":"https:\/\/summum-consultinggroup.com\/index.php?rest_route=%2Fwp%2Fv2%2Fmedia&parent=69"}],"curies":[{"name":"wp","href":"https:\/\/api.w.org\/{rel}","templated":true}]}}