{"id":84,"date":"2025-11-04T12:47:34","date_gmt":"2025-11-04T11:47:34","guid":{"rendered":"https:\/\/summum-consultinggroup.com\/?page_id=84"},"modified":"2025-11-05T15:58:19","modified_gmt":"2025-11-05T14:58:19","slug":"coaching-daffaires","status":"publish","type":"page","link":"https:\/\/summum-consultinggroup.com\/?page_id=84","title":{"rendered":"Coaching d\u2019affaires"},"content":{"rendered":"<p style=\"text-align: justify;\"><img loading=\"lazy\" decoding=\"async\" class=\" wp-image-309 alignleft\" src=\"https:\/\/summum-consultinggroup.com\/wp-content\/uploads\/2025\/11\/affaire-300x198.png\" alt=\"\" width=\"365\" height=\"241\" srcset=\"https:\/\/summum-consultinggroup.com\/wp-content\/uploads\/2025\/11\/affaire-300x198.png 300w, https:\/\/summum-consultinggroup.com\/wp-content\/uploads\/2025\/11\/affaire.png 602w\" sizes=\"auto, (max-width: 365px) 100vw, 365px\" \/>En plus de l\u2019accompagnement dans la construction du savoir-faire, SUMMUM CONSULTING GROUP offre un accompagnement professionnel personnalis\u00e9 permettant \u00e0 l\u2019individu d\u2019obtenir des r\u00e9sultats concrets et mesurables dans sa vie professionnelle et\/ou personnelle.\u00a0 Nos s\u00e9ances de coaching sont anim\u00e9es en groupe et en individuel selon le besoin. Quelques th\u00e8mes de coaching offerts par SUMMUM CONSULTING GROUP sont\u00a0:<\/p>\n<ul>\n<li style=\"text-align: justify;\">Le d\u00e9veloppement du leadership<\/li>\n<li style=\"text-align: justify;\">L\u2019esprit d\u2019entreprise<\/li>\n<li style=\"text-align: justify;\">Le marketing de soi<\/li>\n<li style=\"text-align: justify;\">La prise de parole en public<\/li>\n<li style=\"text-align: justify;\">Valorisation de son image<\/li>\n<li style=\"text-align: justify;\">La gestion du temps<\/li>\n<li style=\"text-align: justify;\">Comment d\u00e9velopper son esprit pour saisir les opportunit\u00e9s<\/li>\n<li style=\"text-align: justify;\">Comment se construire un mental de richesse<\/li>\n<li style=\"text-align: justify;\">Savoir organiser et motiver une \u00e9quipe performante<\/li>\n<li style=\"text-align: justify;\">Image + techniques de \u00ab relooking \u00bb<\/li>\n<\/ul>\n","protected":false},"excerpt":{"rendered":"<p>En plus de l\u2019accompagnement dans la construction du savoir-faire, SUMMUM CONSULTING GROUP offre un accompagnement professionnel personnalis\u00e9 permettant \u00e0 l\u2019individu d\u2019obtenir des r\u00e9sultats concrets et mesurables dans sa vie professionnelle et\/ou personnelle.\u00a0 Nos s\u00e9ances de coaching sont anim\u00e9es en groupe et en individuel selon le besoin. Quelques th\u00e8mes de coaching offerts par SUMMUM CONSULTING GROUP [&hellip;]<\/p>\n","protected":false},"author":1,"featured_media":0,"parent":0,"menu_order":0,"comment_status":"closed","ping_status":"closed","template":"","meta":{"footnotes":""},"class_list":["post-84","page","type-page","status-publish","hentry"],"_links":{"self":[{"href":"https:\/\/summum-consultinggroup.com\/index.php?rest_route=\/wp\/v2\/pages\/84","targetHints":{"allow":["GET"]}}],"collection":[{"href":"https:\/\/summum-consultinggroup.com\/index.php?rest_route=\/wp\/v2\/pages"}],"about":[{"href":"https:\/\/summum-consultinggroup.com\/index.php?rest_route=\/wp\/v2\/types\/page"}],"author":[{"embeddable":true,"href":"https:\/\/summum-consultinggroup.com\/index.php?rest_route=\/wp\/v2\/users\/1"}],"replies":[{"embeddable":true,"href":"https:\/\/summum-consultinggroup.com\/index.php?rest_route=%2Fwp%2Fv2%2Fcomments&post=84"}],"version-history":[{"count":2,"href":"https:\/\/summum-consultinggroup.com\/index.php?rest_route=\/wp\/v2\/pages\/84\/revisions"}],"predecessor-version":[{"id":310,"href":"https:\/\/summum-consultinggroup.com\/index.php?rest_route=\/wp\/v2\/pages\/84\/revisions\/310"}],"wp:attachment":[{"href":"https:\/\/summum-consultinggroup.com\/index.php?rest_route=%2Fwp%2Fv2%2Fmedia&parent=84"}],"curies":[{"name":"wp","href":"https:\/\/api.w.org\/{rel}","templated":true}]}}