{"id":92,"date":"2025-11-04T12:52:44","date_gmt":"2025-11-04T11:52:44","guid":{"rendered":"https:\/\/summum-consultinggroup.com\/?page_id=92"},"modified":"2025-11-05T16:41:38","modified_gmt":"2025-11-05T15:41:38","slug":"innovation-et-creativite","status":"publish","type":"page","link":"https:\/\/summum-consultinggroup.com\/?page_id=92","title":{"rendered":"Innovation et cr\u00e9ativit\u00e9"},"content":{"rendered":"<p style=\"text-align: justify;\"><img loading=\"lazy\" decoding=\"async\" class=\"wp-image-331 size-full aligncenter\" src=\"https:\/\/summum-consultinggroup.com\/wp-content\/uploads\/2025\/11\/objet.png\" alt=\"\" width=\"581\" height=\"257\" srcset=\"https:\/\/summum-consultinggroup.com\/wp-content\/uploads\/2025\/11\/objet.png 581w, https:\/\/summum-consultinggroup.com\/wp-content\/uploads\/2025\/11\/objet-300x133.png 300w\" sizes=\"auto, (max-width: 581px) 100vw, 581px\" \/>La cr\u00e9ativit\u00e9 est la g\u00e9n\u00e9ration de nouveaut\u00e9s. Une mani\u00e8re de \u00ab sortir des sentiers battus \u00bb, de cr\u00e9er du neuf et d\u2019ouvrir le champ des possibles. Une innovation est dans ces sens la cr\u00e9ation d\u2019un possible qui n\u2019existait pas jusqu\u2019alors. La nouveaut\u00e9 est donc particuli\u00e8rement li\u00e9e \u00e0 l\u2019innovation.<\/p>\n","protected":false},"excerpt":{"rendered":"<p>La cr\u00e9ativit\u00e9 est la g\u00e9n\u00e9ration de nouveaut\u00e9s. Une mani\u00e8re de \u00ab sortir des sentiers battus \u00bb, de cr\u00e9er du neuf et d\u2019ouvrir le champ des possibles. Une innovation est dans ces sens la cr\u00e9ation d\u2019un possible qui n\u2019existait pas jusqu\u2019alors. La nouveaut\u00e9 est donc particuli\u00e8rement li\u00e9e \u00e0 l\u2019innovation.<\/p>\n","protected":false},"author":1,"featured_media":0,"parent":0,"menu_order":0,"comment_status":"closed","ping_status":"closed","template":"","meta":{"footnotes":""},"class_list":["post-92","page","type-page","status-publish","hentry"],"_links":{"self":[{"href":"https:\/\/summum-consultinggroup.com\/index.php?rest_route=\/wp\/v2\/pages\/92","targetHints":{"allow":["GET"]}}],"collection":[{"href":"https:\/\/summum-consultinggroup.com\/index.php?rest_route=\/wp\/v2\/pages"}],"about":[{"href":"https:\/\/summum-consultinggroup.com\/index.php?rest_route=\/wp\/v2\/types\/page"}],"author":[{"embeddable":true,"href":"https:\/\/summum-consultinggroup.com\/index.php?rest_route=\/wp\/v2\/users\/1"}],"replies":[{"embeddable":true,"href":"https:\/\/summum-consultinggroup.com\/index.php?rest_route=%2Fwp%2Fv2%2Fcomments&post=92"}],"version-history":[{"count":2,"href":"https:\/\/summum-consultinggroup.com\/index.php?rest_route=\/wp\/v2\/pages\/92\/revisions"}],"predecessor-version":[{"id":332,"href":"https:\/\/summum-consultinggroup.com\/index.php?rest_route=\/wp\/v2\/pages\/92\/revisions\/332"}],"wp:attachment":[{"href":"https:\/\/summum-consultinggroup.com\/index.php?rest_route=%2Fwp%2Fv2%2Fmedia&parent=92"}],"curies":[{"name":"wp","href":"https:\/\/api.w.org\/{rel}","templated":true}]}}